ime factors of 10352685.
3, 5, 7, 98597
List the prime factors of 14244177.
3, 1787, 2657
What are the prime factors of 3340074?
2, 3, 556679
List the prime factors of 417554.
2, 17, 12281
What are the prime factors of 12458451?
3, 101, 41117
What are the prime factors of 4026978?
2, 3, 23, 71, 137
What are the prime factors of 4304697?
3, 19, 75521
What are the prime factors of 884382?
2, 3, 147397
What are the prime factors of 17154803?
23, 439, 1699
What are the prime factors of 330100?
2, 5, 3301
List the prime factors of 319682.
2, 11, 1321
List the prime factors of 10402771.
10402771
What are the prime factors of 2981266?
2, 1490633
What are the prime factors of 8555657?
11, 777787
List the prime factors of 15021613.
79, 190147
List the prime factors of 4582976.
2, 101, 709
What are the prime factors of 180391?
180391
What are the prime factors of 1026010?
2, 5, 37, 47, 59
What are the prime factors of 3822875?
5, 7, 17, 257
What are the prime factors of 1268561?
7, 25889
List the prime factors of 529336.
2, 127, 521
List the prime factors of 1766208.
2, 3, 9199
List the prime factors of 503394.
2, 3, 53, 1583
What are the prime factors of 2663369?
269, 9901
List the prime factors of 842259.
3, 11, 25523
What are the prime factors of 736828?
2, 23, 8009
List the prime factors of 174245.
5, 34849
List the prime factors of 1467496.
2, 183437
List the prime factors of 1075487.
7, 153641
List the prime factors of 5424567.
3, 409, 4421
What are the prime factors of 16096?
2, 503
What are the prime factors of 251693?
13, 19, 1019
What are the prime factors of 2793509?
2793509
List the prime factors of 1947353.
859, 2267
What are the prime factors of 76409?
109, 701
What are the prime factors of 2105212?
2, 17, 83, 373
List the prime factors of 1201766.
2, 600883
What are the prime factors of 395664?
2, 3, 8243
What are the prime factors of 10156952?
2, 13, 127, 769
List the prime factors of 1361656.
2, 170207
What are the prime factors of 2918652?
2, 3, 11, 22111
What are the prime factors of 390692?
2, 97673
What are the prime factors of 6275713?
83, 75611
List the prime factors of 58964.
2, 14741
List the prime factors of 166178.
2, 83089
What are the prime factors of 663263?
663263
What are the prime factors of 1234597?
7, 13, 13567
What are the prime factors of 225571?
191, 1181
List the prime factors of 18240514.
2, 43, 212099
List the prime factors of 11354698.
2, 5677349
What are the prime factors of 14946661?
3719, 4019
What are the prime factors of 2109005?
5, 421801
List the prime factors of 1315976.
2, 271, 607
What are the prime factors of 84886?
2, 42443
List the prime factors of 3208982.
2, 7, 229213
What are the prime factors of 1274126?
2, 7, 91009
What are the prime factors of 13956346?
2, 6978173
What are the prime factors of 156574?
2, 11, 647
List the prime factors of 499944.
2, 3, 37, 563
List the prime factors of 1415338.
2, 707669
What are the prime factors of 15179379?
3, 23, 179, 1229
List the prime factors of 465364.
2, 116341
What are the prime factors of 16245643?
31, 524053
What are the prime factors of 9369861?
3, 3123287
What are the prime factors of 813090?
2, 3, 5, 27103
List the prime factors of 4219637.
83, 50839
What are the prime factors of 270857?
43, 6299
What are the prime factors of 7030470?
2, 3, 5, 29, 8081
List the prime factors of 15460875.
3, 5, 509
What are the prime factors of 608655?
3, 5, 40577
What are the prime factors of 1287046?
2, 643523
What are the prime factors of 1793320?
2, 5, 107, 419
What are the prime factors of 522939?
3, 31, 5623
What are the prime factors of 21318787?
7, 107, 28463
List the prime factors of 3754090.
2, 5, 83, 4523
What are the prime factors of 2844427?
2844427
List the prime factors of 365990.
2, 5, 36599
What are the prime factors of 1530037?
1530037
List the prime factors of 2777746.
2, 1388873
What are the prime factors of 232214?
2, 116107
List the prime factors of 2773068.
2, 3, 179, 1291
What are the prime factors of 189524?
2, 47381
What are the prime factors of 1196110?
2, 5, 119611
What are the prime factors of 327714?
2, 3, 193, 283
What are the prime factors of 1158255?
3, 5, 7, 3677
List the prime factors of 637256.
2, 79657
What are the prime factors of 10321708?
2, 857, 3011
List the prime factors of 77609.
7, 11087
List the prime factors of 5562414.
2, 3, 11, 13, 2161
What are the prime factors of 2352273?
3, 7, 11, 17, 599
List the prime factors of 6983186.
2, 7, 71257
What are the prime factors of 348494?
2, 163, 1069
What are the prime factors of 30069?
3, 13, 257
What are the prime factors of 1061418?
2, 3, 176903
List the prime factors of 676024.
2, 84503
List the prime factors of 1115452.
2, 13, 19, 1129
What are the prime factors of 190765?
5, 38153
What are the prime factors of 190181?
190181
What are the prime factors of 467279?
17, 27487
What are the prime factors of 273863?
137, 1999
List the prime factors of 247015.
5, 127, 389
What are the prime factors of 814306?
2, 407153
What are the prime factors of 5368215?
3, 5, 167, 2143
List the prime factors of 1004130.
2, 3, 5, 3719
What are the prime factors of 958590?
2, 3, 5, 10651
What are the prime factors of 1483640?
2, 5, 29, 1279
What are the prime factors of 10023874?
2, 7, 715991
List the prime factors of 2475532.
2, 618883
List the prime factors of 36289.
11, 3299
What are the prime factors of 4230574?
2, 23, 91969
What are the prime factors of 85449?
3, 7, 13, 313
List the prime factors of 1401004.
2, 11, 17, 1873
List the prime factors of 4048642.
2, 13, 155717
List the prime factors of 100115.
5, 20023
What are the prime factors of 16104982?
2, 8052491
List the prime factors of 4924011.
3, 97, 16921
What are the prime factors of 12100399?
599, 20201
What are the prime factors of 342337?
342337
List the prime factors of 2766555.
3, 5, 11, 23
What are the prime factors of 13086?
2, 3, 727
What are the prime factors of 2388891?
3, 17, 31, 1511
What are the prime factors of 143232?
2, 3, 373
List the prime factors of 3658259.
11, 332569
What are the prime factors of 18295076?
2, 4573769
List the prime factors of 2155532.
2, 17, 31699
List the prime factors of 1322325.
3, 5, 653
What are the prime factors of 4519457?
4519457
What are the prime factors of 293058?
2, 3, 67
List the prime factors of 41763825.
3, 5, 419, 443
What are the prime factors of 3015576?
2, 3, 23, 607
List the prime factors of 2485112.
2, 7, 199, 223
List the prime factors of 69010.
2, 5, 67, 103
What are the prime factors of 200113?
83, 2411
What are the prime factors of 32771021?
23, 61949
List the prime factors of 2913695.
5, 149, 3911
What are the prime factors of 8151?
3, 11, 13, 19
What are the prime factors of 2710390?
2, 5, 131, 2069
What are the prime factors of 9530058?
2, 3, 19, 83597
What are the prime factors of 26834491?
23, 431, 2707
List the prime factors of 291942.
2, 3, 7, 331
What are the prime factors of 15433180?
2, 5, 7, 110237
What are the prime factors of 100925?
5, 11, 367
What are the prime factors of 756903?
3, 7, 19, 271
List the prime factors of 182987.
7, 26141
List the prime factors of 168832.
2, 1319
List the prime factors of 3025219.
3025219
What are the prime factors of 144925?
5, 11, 17, 31
List the prime factors of 191326.
2, 271, 353
What are the prime factors of 4020394?
2, 7, 211, 1361
List the prime factors of 2139418.
2, 811, 1319
List the prime factors of 1747239.
3, 13, 71, 631
What are the prime factors of 723854?
2, 361927
What are the prime factors of 5063235?
3, 5, 227, 1487
List the prime factors of 1107673.
7, 229, 691
What are the prime factors of 138172?
2, 34543
List the prime factors of 4286620.
2, 5, 13, 16487
List the prime factors of 905908.
2, 37, 6121
List the prime factors of 1756372.
2, 17, 23, 1123
What are the prime factors of 10011515?
5, 2002303
What are the prime factors of 140417?
140417
What are the prime factors of 541740?
2, 3, 5, 9029
What are the prime factors of 101102?
2, 50551
What are the prime factors of 92901?
3, 173, 179
List the prime factors of 6638905.
5, 7, 13, 14591
List the prime factors of 441571.
13, 33967
List the prime factors of 18842387.
18842387
List the prime factors of 14458042.
2, 7229021
What are the prime factor